{"id":5837,"date":"2025-07-24T22:31:01","date_gmt":"2025-07-24T20:31:01","guid":{"rendered":"https:\/\/tienda.csisantafe.com\/?post_type=product&#038;p=5837"},"modified":"2025-09-22T02:44:03","modified_gmt":"2025-09-22T00:44:03","slug":"lampara-solar-jd-t300-clase-a-300w-50000h","status":"publish","type":"product","link":"https:\/\/tienda.csisantafe.com\/?product=lampara-solar-jd-t300-clase-a-300w-50000h","title":{"rendered":"L\u00e1mpara Solar JD-T300 Clase A 300W 50000H"},"content":{"rendered":"<ul>\n<li>No. de Modelo: JD-T300<\/li>\n<li>Energ\u00eda: 10-29W<\/li>\n<li>Distancia de proyecci\u00f3n: 3 \u2013 5m<\/li>\n<li>Aplicaci\u00f3n: Parque, Cuadrado, F\u00e1brica, Jard\u00edn<\/li>\n<li>Clasificaci\u00f3n IP: IP67<\/li>\n<li>Certificaci\u00f3n: CE, FCC, RoHS<\/li>\n<li>Tensi\u00f3n De Funcionamiento: 6V<\/li>\n<li>Paneles solares: 6V 15W<\/li>\n<\/ul>\n","protected":false},"excerpt":{"rendered":"<p>No. de Modelo: JD-T300 Energ\u00eda: 10-29W Distancia de proyecci\u00f3n: 3 \u2013 5m Aplicaci\u00f3n: Parque, Cuadrado, F\u00e1brica, Jard\u00edn Clasificaci\u00f3n IP: IP67 Certificaci\u00f3n: CE, FCC, RoHS Tensi\u00f3n De Funcionamiento: 6V Paneles solares: 6V 15W<\/p>\n","protected":false},"featured_media":5836,"comment_status":"open","ping_status":"closed","template":"","meta":{"site-sidebar-layout":"default","site-content-layout":"","ast-site-content-layout":"default","site-content-style":"default","site-sidebar-style":"default","ast-global-header-display":"","ast-banner-title-visibility":"","ast-main-header-display":"","ast-hfb-above-header-display":"","ast-hfb-below-header-display":"","ast-hfb-mobile-header-display":"","site-post-title":"","ast-breadcrumbs-content":"","ast-featured-img":"","footer-sml-layout":"","theme-transparent-header-meta":"default","adv-header-id-meta":"","stick-header-meta":"","header-above-stick-meta":"","header-main-stick-meta":"","header-below-stick-meta":"","astra-migrate-meta-layouts":"set"},"product_cat":[106],"product_tag":[],"aioseo_notices":[],"_links":{"self":[{"href":"https:\/\/tienda.csisantafe.com\/index.php?rest_route=\/wp\/v2\/product\/5837"}],"collection":[{"href":"https:\/\/tienda.csisantafe.com\/index.php?rest_route=\/wp\/v2\/product"}],"about":[{"href":"https:\/\/tienda.csisantafe.com\/index.php?rest_route=\/wp\/v2\/types\/product"}],"replies":[{"embeddable":true,"href":"https:\/\/tienda.csisantafe.com\/index.php?rest_route=%2Fwp%2Fv2%2Fcomments&post=5837"}],"version-history":[{"count":1,"href":"https:\/\/tienda.csisantafe.com\/index.php?rest_route=\/wp\/v2\/product\/5837\/revisions"}],"predecessor-version":[{"id":5838,"href":"https:\/\/tienda.csisantafe.com\/index.php?rest_route=\/wp\/v2\/product\/5837\/revisions\/5838"}],"wp:featuredmedia":[{"embeddable":true,"href":"https:\/\/tienda.csisantafe.com\/index.php?rest_route=\/wp\/v2\/media\/5836"}],"wp:attachment":[{"href":"https:\/\/tienda.csisantafe.com\/index.php?rest_route=%2Fwp%2Fv2%2Fmedia&parent=5837"}],"wp:term":[{"taxonomy":"product_cat","embeddable":true,"href":"https:\/\/tienda.csisantafe.com\/index.php?rest_route=%2Fwp%2Fv2%2Fproduct_cat&post=5837"},{"taxonomy":"product_tag","embeddable":true,"href":"https:\/\/tienda.csisantafe.com\/index.php?rest_route=%2Fwp%2Fv2%2Fproduct_tag&post=5837"}],"curies":[{"name":"wp","href":"https:\/\/api.w.org\/{rel}","templated":true}]}}