{"id":6133,"date":"2026-02-20T05:11:17","date_gmt":"2026-02-20T04:11:17","guid":{"rendered":"https:\/\/tienda.csisantafe.com\/?post_type=product&#038;p=6133"},"modified":"2026-02-20T05:16:50","modified_gmt":"2026-02-20T04:16:50","slug":"mouse-optico-alambrado-unykach-uk-a127","status":"publish","type":"product","link":"https:\/\/tienda.csisantafe.com\/?product=mouse-optico-alambrado-unykach-uk-a127","title":{"rendered":"Mouse \u00f3ptico alambrado UNYKAch UK A127"},"content":{"rendered":"<p><span class=\"a-text-bold\">DIMENSIONES<\/span>\u00a0116 (L) x 61 (W) x 40 (H) mm<\/p>\n<p><span class=\"a-text-bold\">PESO<\/span>\u00a092 g<\/p>\n<p><span class=\"a-text-bold\">COLOR<\/span>\u00a0Negro<\/p>\n<p><span class=\"a-text-bold\">BOTONES<\/span>\u00a0Izquierdo \/ derecho \/ Scroll (3D)<\/p>\n<p><span class=\"a-text-bold\">SENSOR<\/span>\u00a0\u00d3ptico<\/p>\n<p><span class=\"a-text-bold\">DPI<\/span>\u00a01200<\/p>\n<p><span class=\"a-text-bold\">CABLE<\/span>\u00a01200 mm<\/p>\n<p><span class=\"a-text-bold\">CONECTOR<\/span>\u00a0USB<\/p>\n","protected":false},"excerpt":{"rendered":"<p>Unykach Rat\u00f3n \u00d3ptico UK A127 con Cable USB, 3 Botones, Seguimiento \u00d3ptico 1200 dpi, Ambidiestro<\/p>\n","protected":false},"featured_media":6134,"comment_status":"open","ping_status":"closed","template":"","meta":{"site-sidebar-layout":"default","site-content-layout":"","ast-site-content-layout":"default","site-content-style":"default","site-sidebar-style":"default","ast-global-header-display":"","ast-banner-title-visibility":"","ast-main-header-display":"","ast-hfb-above-header-display":"","ast-hfb-below-header-display":"","ast-hfb-mobile-header-display":"","site-post-title":"","ast-breadcrumbs-content":"","ast-featured-img":"","footer-sml-layout":"","theme-transparent-header-meta":"default","adv-header-id-meta":"","stick-header-meta":"","header-above-stick-meta":"","header-main-stick-meta":"","header-below-stick-meta":"","astra-migrate-meta-layouts":"set"},"product_cat":[118],"product_tag":[],"aioseo_notices":[],"_links":{"self":[{"href":"https:\/\/tienda.csisantafe.com\/index.php?rest_route=\/wp\/v2\/product\/6133"}],"collection":[{"href":"https:\/\/tienda.csisantafe.com\/index.php?rest_route=\/wp\/v2\/product"}],"about":[{"href":"https:\/\/tienda.csisantafe.com\/index.php?rest_route=\/wp\/v2\/types\/product"}],"replies":[{"embeddable":true,"href":"https:\/\/tienda.csisantafe.com\/index.php?rest_route=%2Fwp%2Fv2%2Fcomments&post=6133"}],"version-history":[{"count":3,"href":"https:\/\/tienda.csisantafe.com\/index.php?rest_route=\/wp\/v2\/product\/6133\/revisions"}],"predecessor-version":[{"id":6138,"href":"https:\/\/tienda.csisantafe.com\/index.php?rest_route=\/wp\/v2\/product\/6133\/revisions\/6138"}],"wp:featuredmedia":[{"embeddable":true,"href":"https:\/\/tienda.csisantafe.com\/index.php?rest_route=\/wp\/v2\/media\/6134"}],"wp:attachment":[{"href":"https:\/\/tienda.csisantafe.com\/index.php?rest_route=%2Fwp%2Fv2%2Fmedia&parent=6133"}],"wp:term":[{"taxonomy":"product_cat","embeddable":true,"href":"https:\/\/tienda.csisantafe.com\/index.php?rest_route=%2Fwp%2Fv2%2Fproduct_cat&post=6133"},{"taxonomy":"product_tag","embeddable":true,"href":"https:\/\/tienda.csisantafe.com\/index.php?rest_route=%2Fwp%2Fv2%2Fproduct_tag&post=6133"}],"curies":[{"name":"wp","href":"https:\/\/api.w.org\/{rel}","templated":true}]}}