{"id":6268,"date":"2026-03-05T04:55:48","date_gmt":"2026-03-05T03:55:48","guid":{"rendered":"https:\/\/tienda.csisantafe.com\/?post_type=product&#038;p=6268"},"modified":"2026-04-20T21:44:58","modified_gmt":"2026-04-20T19:44:58","slug":"lenovo-ideapad-1-15-6-fhd-tactil-amd-ryzen-5-7520u-8gb-ram-256gb-ssd","status":"publish","type":"product","link":"https:\/\/tienda.csisantafe.com\/?product=lenovo-ideapad-1-15-6-fhd-tactil-amd-ryzen-5-7520u-8gb-ram-256gb-ssd","title":{"rendered":"Lenovo IdeaPad 1 15.6&#8243; FHD t\u00e1ctil, AMD Ryzen 5 7520U, 8GB RAM, 256GB SSD"},"content":{"rendered":"<ul>\n<li>Procesador: AMD Ryzen 5 7520U (4C \/ 8T, 2.8 \/ 4.3GHz, 2MB L2 \/ 4MB L3)<\/li>\n<li>Gr\u00e1ficos integrados AMD Radeon 610M<\/li>\n<li>RAM: 8GB LPDDR5-5500 soldado<\/li>\n<li>Almacenamiento: 256GB SSD M.2 2242 PCIe 4.0&#215;4 NVMe<\/li>\n<li>Pantalla: 15.6&#8243; FHD (1920 x 1080) IPS 300nits antirreflejos, t\u00e1ctil.<\/li>\n<li>Unidad \u00f3ptica: Ninguno\/Sin DVD\u00b1RW<\/li>\n<li>C\u00e1mara: HD 720p con obturador de privacidad<\/li>\n<li>Puertos: 1x USB 2.0, 1x USB 3.2 Gen 1, 1x USB-C 3.2 Gen 1 (solo compatible con transferencia de datos), 1x HDMI 1.4b, 1x conector combinado de auriculares\/micr\u00f3fono (3.5mm), 1x lector de tarjetas, 1x conector de alimentaci\u00f3n.<\/li>\n<li>Bater\u00eda: pol\u00edmero de litio, 3 celdas, 65 vatios, duraci\u00f3n de la bater\u00eda (hasta ) 10 horas<\/li>\n<li>Dimensiones (Ancho x Profundidad x Altura): 36 x 23,6 x 1,8 cm<\/li>\n<li>Sistema operativo: Windows 11<\/li>\n<li>Color: Abyss Blue.<\/li>\n<li>Peso: 1,6 kg<\/li>\n<\/ul>\n","protected":false},"excerpt":{"rendered":"<p>Lenovo Ideapad 1 Laptop, 15.6&#8243; FHD (1920 x 1080) IPS 300nits visualizaci\u00f3n antirreflejos, t\u00e1ctil, Ryzen 5 7520U, 8GB RAM, almacenamiento de 256GB, gr\u00e1ficos AMD Radeon, HDMI, Windows 11, HDMI<\/p>\n","protected":false},"featured_media":6269,"comment_status":"open","ping_status":"closed","template":"","meta":{"site-sidebar-layout":"default","site-content-layout":"","ast-site-content-layout":"default","site-content-style":"default","site-sidebar-style":"default","ast-global-header-display":"","ast-banner-title-visibility":"","ast-main-header-display":"","ast-hfb-above-header-display":"","ast-hfb-below-header-display":"","ast-hfb-mobile-header-display":"","site-post-title":"","ast-breadcrumbs-content":"","ast-featured-img":"","footer-sml-layout":"","theme-transparent-header-meta":"default","adv-header-id-meta":"","stick-header-meta":"","header-above-stick-meta":"","header-main-stick-meta":"","header-below-stick-meta":"","astra-migrate-meta-layouts":"set"},"product_cat":[15],"product_tag":[],"aioseo_notices":[],"_links":{"self":[{"href":"https:\/\/tienda.csisantafe.com\/index.php?rest_route=\/wp\/v2\/product\/6268"}],"collection":[{"href":"https:\/\/tienda.csisantafe.com\/index.php?rest_route=\/wp\/v2\/product"}],"about":[{"href":"https:\/\/tienda.csisantafe.com\/index.php?rest_route=\/wp\/v2\/types\/product"}],"replies":[{"embeddable":true,"href":"https:\/\/tienda.csisantafe.com\/index.php?rest_route=%2Fwp%2Fv2%2Fcomments&post=6268"}],"version-history":[{"count":2,"href":"https:\/\/tienda.csisantafe.com\/index.php?rest_route=\/wp\/v2\/product\/6268\/revisions"}],"predecessor-version":[{"id":6335,"href":"https:\/\/tienda.csisantafe.com\/index.php?rest_route=\/wp\/v2\/product\/6268\/revisions\/6335"}],"wp:featuredmedia":[{"embeddable":true,"href":"https:\/\/tienda.csisantafe.com\/index.php?rest_route=\/wp\/v2\/media\/6269"}],"wp:attachment":[{"href":"https:\/\/tienda.csisantafe.com\/index.php?rest_route=%2Fwp%2Fv2%2Fmedia&parent=6268"}],"wp:term":[{"taxonomy":"product_cat","embeddable":true,"href":"https:\/\/tienda.csisantafe.com\/index.php?rest_route=%2Fwp%2Fv2%2Fproduct_cat&post=6268"},{"taxonomy":"product_tag","embeddable":true,"href":"https:\/\/tienda.csisantafe.com\/index.php?rest_route=%2Fwp%2Fv2%2Fproduct_tag&post=6268"}],"curies":[{"name":"wp","href":"https:\/\/api.w.org\/{rel}","templated":true}]}}